tive of z(k). Give x(2).
-3
Let d be (-2)/7 + (-174)/(-21). Let c be 2*(-2)/d*-10. Let p(b) = -b**3 + 5*b**2 + b + 1. Calculate p(c).
6
Let g(x) be the third derivative of 0*x - 1/60*x**5 + 2*x**2 - x**3 + 1/4*x**4 + 0. Determine g(5).
-1
Let s(i) = 2*i**3 + i**2 + i - 1. Let h be s(-2). Let k = h + 16. Let u(t) = 3*t + 3*t + 2*t. Give u(k).
8
Let x = 8 - 6. Suppose -o = 3*h - 17, 2*o = 9 + 1. Let d(c) = -3*c + 5 - h - x. What is d(2)?
-7
Let g be 1/3*(-4 - 11). Let a(d) = d**3 + 4*d**2 - 6*d - 1. Determine a(g).
4
Let s = -20 + 7. Let x = -10 - s. Let i(v) be the second derivative of -v**3/2 + v**2/2 + v. Give i(x).
-8
Let u = -6 - -10. Suppose 0 = -5*h + u*h + 6. Let y(p) = -p**2 + 5*p + 3. Give y(h).
-3
Let s(a) = -a**3 - 7*a**2 - 4*a + 6. Let d(m) = 3*m - 35. Let l be d(10). Determine s(l).
-24
Suppose u - a = -6*a - 13, -5*u + 4*a + 22 = 0. Let f(x) = -u - 8*x + 4 - 1. Calculate f(1).
-7
Suppose 0 = 6*v - 11*v + 60. Let c = -8 + v. Let a(r) = -r**2 + 5*r - 1. Calculate a(c).
3
Suppose -5*n = -g + 17, 4*n = 3*n - 2*g + 1. Let f be (21/n - -2) + 0. Let o(d) = -d**2 - 1. Let v(b) = -6*b + 1. Let p(j) = o(j) + v(j). What is p(f)?
5
Let y(x) = 2*x - 2. Suppose 0 = -5*p - 11 - 4. Give y(p).
-8
Let c(o) be the first derivative of -o**2 - 9*o - 7. Suppose 2*r - 4*z = -0*r + 4, 2*r + 2*z + 20 = 0. What is c(r)?
3
Suppose 6*d - 1 = 17. Let o(f) = 0*f + 10*f - d*f - 4*f. Calculate o(6).
18
Let a(s) = -62*s + 128*s - 3 - 67*s. Calculate a(-10).
7
Let p(n) be the first derivative of n**2/2 + 6*n - 1. Let v be (2 - 3)*(2 + -2). Give p(v).
6
Let p = 23 - 21. Let w(t) be the first derivative of 3/2*t**2 - 1/4*t**4 - 4/3*t**3 - 3*t - p. Calculate w(-5).
7
Let l(h) be the second derivative of -5*h - 7/20*h**5 + 0*h**2 + 1/6*h**3 + 0 + 1/12*h**4. What is l(-1)?
7
Let o(g) be the third derivative of g**5/60 - 11*g**4/24 - 2*g**3/3 - 4*g**2. Let l be o(11). Let x(n) = n**3 + 3*n**2 - 3*n - 2. Give x(l).
-6
Let j be (-2 - (4 + -4)) + 2. Let s(z) be the third derivative of -z**5/60 - z**4/24 - 7*z**3/6 + z**2. Determine s(j).
-7
Let w(x) = x**3 - 3*x**2 - 7*x + 3. Suppose 97*c = 96*c + 5. Calculate w(c).
18
Let b(a) be the third derivative of a**5/30 + 5*a**4/24 + 5*a**3/6 - 62*a**2. Determine b(-4).
17
Let w(j) = -2*j + 3. Let m(p) = -p. Suppose -3*u - 6 = -5*u + 2*x, 0 = 4*u + 2*x - 18. Let f(c) = u*m(c) - w(c). Calculate f(-3).
3
Let o(y) = y**3 + 7*y**2 + 6*y - 2. Suppose 2*b - 4*b + 12 = 0. Suppose -b*p - 60 = -p. Let k = 6 + p. Determine o(k).
-2
Let c = -6 + 10. Let j(d) be the first derivative of -d**3/3 + 3*d**2/2 + 5*d + 2. What is j(c)?
1
Let a(x) = -x + 1. Let j = 3 - 3. Let i be a(j). Let l(g) = -4*g**3 - 2*g**2 + g. What is l(i)?
-5
Suppose 0 = 7*p - 9*p - 18. Let k = -13 - p. Let n(j) = 2*j + 4. Determine n(k).
-4
Let y(u) be the first derivative of -u**7/840 - u**6/60 - u**5/24 + u**4/24 - u**3 + 3. Let z(f) be the third derivative of y(f). Determine z(-5).
1
Let z(m) = -3*m**2 - m - 11. Let f(a) = -a**2 - 5. Let l(v) = -5*f(v) + 2*z(v). Determine l(-3).
0
Let y = -5 + 7. Let p be 2*-3*y/6. Let k(h) = -4*h. Determine k(p).
8
Let z(x) = -x**3 - 3*x**2 + 2*x + 1. Suppose 5 - 23 = -2*v. Suppose 0 = 3*l - 0*l + v. Calculate z(l).
-5
Let s(o) = o**3 + 4*o + 3 - 4*o**2 - 3*o + 8*o**2. What is s(-3)?
9
Let k = 59 + -52. Let o(v) = -v**2 + 8*v - 6. Give o(k).
1
Let z(t) be the third derivative of 0 - 1/24*t**4 - 2*t**3 + 0*t - t**2. Suppose -2*l = n + 11, 12 = -2*n - n + l. Determine z(n).
-7
Let q(t) be the third derivative of -t**6/120 + t**5/10 + 7*t**4/24 - 5*t**3/3 - 49*t**2. Calculate q(7).
-10
Let m(b) = b - 3. Let h(q) = -q**3 - 12*q**2 + 13*q - 3. Let f be h(-13). Give m(f).
-6
Let x(i) = 8*i + 1. Let h(t) = t**2 + 2*t. Let a be h(-1). Let k(m) = 9*m**2 - 2*m - 1. Let z be k(a). Let d be 12/15 + 2/z. Determine x(d).
9
Suppose 3*h - 11*h + 32 = 0. Let w(r) = -5*r. Determine w(h).
-20
Let t(l) be the third derivative of l**5/40 - 3*l**4/8 - l**3/3 + 3*l**2. Let j(g) be the first derivative of t(g). What is j(6)?
9
Let g(f) be the second derivative of 1/6*f**3 + 2*f + 0 + 1/2*f**2. Let h(c) = -c - 2. Let z(p) = -2*g(p) - h(p). What is z(4)?
-4
Let i(f) be the first derivative of f**4/2 - f**3/3 - f**2 - f - 13. Give i(-1).
-2
Let f(i) = 0*i**2 + 8*i**3 + i + 2*i**2 + 1 + 2*i**2 - 3*i**2. Calculate f(-1).
-7
Let b(c) = 9*c**2 - 17*c**2 + 9*c**2. What is b(-3)?
9
Let h(l) = -l**3 - 10*l**2 - l - 2. Suppose 0*a = 5*a + 40. Let i = -4 - a. Let j(k) = k**3 + 9*k**2 + 2*k + 1. Let d(n) = i*j(n) + 3*h(n). Give d(-5).
-2
Let v(t) = 2*t**3 - 2*t**2 + t - 11. Let p(b) = b**3 - b**2 + b - 5. Let n(m) = -5*p(m) + 2*v(m). Calculate n(2).
-7
Suppose -5*z = 3*x + 25, -3*x = -0*z + 3*z + 15. Let u = z + 5. Let r(h) = -h**2 - h + 3. Calculate r(u).
3
Let y(o) = 2*o**2 + 2*o + 2. Suppose -5*p - 6 = 4*z + 1, 4*z + 13 = p. Give y(z).
14
Let i(f) = 0 + 3 + 3 - f. Suppose 14*u = 23 + 47. Determine i(u).
1
Let k be 0/(-3) + -1 + -4. Let x be (-568)/(-20) + 2/k. Let y(l) = l + 28 - x. Determine y(-1).
-1
Let y(m) = 2*m**2 - 4 - 2*m - 15*m**3 - 19*m**3 + 35*m**3 - 3*m**2. Determine y(3).
8
Let h(f) = 12 - 5 + 7*f**3 - 6*f**3. Determine h(0).
7
Let m(x) be the second derivative of -x**5/20 - x**4/12 + 3*x**2/2 - 2*x. Let k be (-1 + 3/(-3))*-2. Let d be -1 + (k - 2) - 1. Determine m(d).
3
Suppose 4*q = 4*z + 8, -3*q - 2*q + 14 = -3*z. Let a = 66 - 24. Let t be a/(-8) - q/(-16). Let u(v) = -v**3 - 5*v**2 + 4. Calculate u(t).
4
Let c(g) be the second derivative of -g**4/6 - g**3/6 + g**2/2 + 59*g. What is c(2)?
-9
Let k(i) be the third derivative of i**7/180 + i**5/120 + i**4/8 - 4*i**2. Let o(l) be the second derivative of k(l). Calculate o(1).
15
Suppose 5*r + 5 = 0, 4*v - 8*v - 2*r = -10. Let h(g) = 6 + g - v + 0. What is h(-2)?
1
Let g(t) be the first derivative of -2*t**3 + t + 2. Suppose 3*a + p = 5*p - 4, -2*a = -p + 6. Let k(y) = y + 5. Let v be k(a). Determine g(v).
-5
Let x(f) be the third derivative of -1/24*f**4 - 3*f**2 + 5/6*f**3 + 0 + 0*f. Determine x(5).
0
Let s(a) = -2 - 2 + 5*a + 4. Let r(u) = 4*u. Let y(k) = -3*r(k) + 2*s(k). Give y(1).
-2
Let a(u) = 0*u**3 - u**3 + 4*u + 0*u**3 - 2*u**2 - 2*u**2. What is a(-5)?
5
Let c(d) = d + 11. Let y be c(-7). Let t(m) be the third derivative of 0 + 0*m - 7/6*m**3 + 1/3*m**y - 1/60*m**5 - m**2. Give t(5).
8
Let y(b) = 5 + 19*b - 34*b + 16*b. Give y(4).
9
Let d(w) be the first derivative of -w**3 - 4*w + 1/4*w**4 + 8 + w**2. Calculate d(3).
2
Let w(p) = 2*p**3 - 3*p - 4. Let n(q) = -q**3 + 2*q + 3. Suppose 4*g - 4*l + 12 + 0 = 0, -3*g + 4*l = 9. Let s(h) = g*n(h) - 2*w(h). Give s(-1).
0
Let b(x) = -5*x + 2. Let k be b(0). Let d(f) = -2*f**2 + 2. Determine d(k).
-6
Let j(f) = -f**2 - f. Let d be j(-1). Let m(w) be the third derivative of 1/60*w**5 - w**2 + 1/8*w**4 + 0*w + d + 2/3*w**3. Give m(-3).
4
Let r(s) be the first derivative of 9*s**2/2 + s - 1. Let h(a) = a**2 - 2*a - 16. Let n be h(-3). Give r(n).
-8
Let d(o) be the second derivative of -o**5/20 + o**4/3 - o**3/3 + 3*o**2/2 - 24*o. Suppose 0 = 4*a - 6 - 2. Give d(a).
7
Let c(x) = -2 - x + 2 - 3 + 3*x. Suppose -m - 8 = 4*g, 0 = -m + 4*m. Let i(f) = f**2 - 2. Let p be i(g). Calculate c(p).
1
Suppose 2*h = 12 - 22. Let l(c) = -c + 1. Let r(u) = u**3 - 3*u**2 + 2*u - 2. Let g(y) = h*l(y) - r(y). Calculate g(4).
-7
Let b be (-12)/8*(-4)/(-2). Let d be (-26)/8*(-2 + 6). Let z(o) = -2*o**2 - 17*o + 4. Let y(q) = -q**2 - 8*q + 2. Let k(p) = d*y(p) + 6*z(p). Give k(b).
1
Let f(k) = 5*k**2 + k - 2. Let c(x) = 4*x**2 + x - 2. Let w(z) = -4*c(z) + 3*f(z). Calculate w(-3).
-4
Let s = -28 - -35. Let v(p) = -p + 8. Calculate v(s).
1
Let h(w) = -5*w**2. Let i = 8 + 4. Suppose -5*o - 2 = -2*o - f, 3*o - 3*f = -i. Calculate h(o).
-5
Suppose -2*d - 6 - 2 = 0. Let o(y) = -y - 7. Let w be o(-7). Let m(i) = w*i**2 - 3 - 5*i**2 - i**3 - 5*i + 4. What is m(d)?
5
Suppose 4*t - 6*t - 5*l = 15, 3*t - 3*l - 30 = 0. Let y(f) be the first derivative of -f**3/3 + 7*f**2/2 - f - 26. Calculate y(t).
9
Let m(z) be the second derivative of z**5/20 + 5*z**4/12 + z**3/6 - 3*z**2 + 5*z. Let r be -1*24/3 + 3. Give m(r).
-11
Suppose 2*g - 9 = -3. Suppose -g - 2 = 5*j. Let z(v) = -2*v**3 + 2*v**2 + 2*v + 1. Determine z(j).
3
Let w(b) = 2*b**3 - 19*b**2 + 9*b. Let h be w(9). Let p(m) = m**3. What 